 digit of w?
7
Let z(p) = 471*p**3 + 2*p**2 - 8*p - 5. What is the units digit of z(2)?
5
Suppose 20*u = 24*u + 72. Let x = u - -21. Suppose x*p + 2*k - 49 = 0, -14 - 39 = -3*p + 2*k. What is the units digit of p?
7
Let a(c) = -10*c**3 - 12*c**2 + c - 35. Let j(w) = -19*w**3 - 22*w**2 + 3*w - 70. Let r(y) = 11*a(y) - 6*j(y). What is the tens digit of r(6)?
5
Let b(u) = -3*u**2 - 23*u + 12*u**3 + 13*u + 2*u**3 + 11*u + 4. Let s be (-15)/(-9) + (-2)/(-6). What is the units digit of b(s)?
6
What is the thousands digit of (20 + 1219560/(-144))*-6?
0
Let w(l) = -l**3 + 12*l**2 + 12*l + 17. Let n be w(13). Suppose 5*y + 363 = n*o, -2*o + 0*y - 3*y + 187 = 0. What is the units digit of o?
2
Let l(y) = -188*y + 68. Let t(u) = -93*u + 34. Let v(r) = 3*l(r) - 5*t(r). What is the hundreds digit of v(-8)?
8
Suppose 44 = -9*r + 5*r. Let f(v) = v + 11. Let o be f(r). Suppose o = 4*w + w - 80. What is the units digit of w?
6
Let u = 18 + 18. Suppose -3*r = -s - 99, 165 = -2*r + 7*r - 5*s. Suppose u*h - 375 = r*h. What is the hundreds digit of h?
1
Suppose -2*o = l - 23355, -2*o = -6*o - l + 46707. Suppose 2084 - o = -8*c. What is the units digit of c?
9
Let h(f) = -17 + 9 - 16 + 65*f**2 + 24*f - 66*f**2. What is the units digit of h(9)?
1
Suppose 0 = -442*p + 447*p - 10. Let f(d) = 64*d + 14. What is the hundreds digit of f(p)?
1
Suppose -1997*q - 394160 = -2049*q. What is the tens digit of q?
8
Suppose 11*d = -4*h + 8*d + 198934, -4*d - 99500 = -2*h. What is the tens digit of h?
3
Suppose 0 = -6*w + 44 - 20. Suppose 2*u - 4*n = 160, -n + 0*n = -w*u + 292. What is the units digit of u?
2
Let g = 116 - 110. Suppose g*n = n. Suppose -30*d + 33*d - 18 = n. What is the units digit of d?
6
Suppose -47*a + 106 + 82 = 0. Suppose 3*m - m + 4 = 0, -a*o + 4*m + 6764 = 0. What is the hundreds digit of o?
6
Let s(m) = m**2 + 59*m - 58. Let f be s(26). Suppose f = -0*n + 8*n. What is the tens digit of n?
6
Let i(k) = k**2 - 13*k - 3. Let t be i(15). Suppose -35*j + 1352 = -t*j. What is the units digit of j?
9
Suppose 0 = 7*j, -4*u = -4*j - j - 21924. What is the hundreds digit of u?
4
Suppose -3*f - 3444 = -3*w, 0*w - w + 5*f + 1160 = 0. Suppose -4*o + 108 + w = -v, 316 = o - 3*v. What is the hundreds digit of o?
3
Suppose 30*n - 67908 - 154482 = 0. What is the hundreds digit of n?
4
Let a = 377 + -371. Suppose -5*w + 18 + 6 = 2*s, -4*s + 5*w - 12 = 0. Suppose 989 = 4*m + 3*n, -s*m - a*n + 4*n = -492. What is the units digit of m?
1
Suppose 0 = r + 3, 0*x = -2*x - 2*r - 66. Let q = -28 - x. What is the tens digit of 2 + -1 + q + 46 + 2?
5
What is the hundreds digit of (-3*(-15)/(-18))/((-15880)/1984 - -8)?
6
Suppose 0 = -116*x - 117*x + 3705399. What is the hundreds digit of x?
9
Let l be (5 - (-8)/(-2))*83. Let y = l + 58. What is the tens digit of y?
4
What is the thousands digit of 21480/15 - ((-3)/(-5))/(26/130)?
1
Suppose 0 = 9*y - 14425 - 78725. What is the ten thousands digit of y?
1
What is the units digit of (-6826000)/(-1040) - 6/13?
3
Suppose -22*x - 64332 + 96217 = -134237. What is the tens digit of x?
5
Let t be ((0 - 5) + 13)*(-18)/(-12). What is the hundreds digit of t/8 + -3 + 8316/24?
3
Let o(c) = -c**2 - 24*c - 122. Let u be o(-14). What is the units digit of (-2230)/4*(u + -20)?
5
Let u(f) = 5*f - 91. Let g be u(16). Let h(j) = -10*j - 6. Let r be h(-4). Let k = g + r. What is the units digit of k?
3
Suppose 8012 = 9*y - 5*y + 4*q, -2*q + 8020 = 4*y. What is the units digit of y?
7
Suppose 72*t = 73*t + 1, -2*t = q - 6714. What is the thousands digit of q?
6
Let k(f) = -f - 2. Let h be k(-6). Let a(s) = 64*s - 64. Let t be a(1). Suppose -h*d + 427 - 87 = t. What is the units digit of d?
5
Let z(o) = 105 - o + 42 - o**2 - 109. Let c be z(6). Let m(j) = -j**3 + 5*j**2 - 4*j - 4. What is the hundreds digit of m(c)?
1
Suppose -5*j + 121017 = p, -j - 43*p + 24211 = -39*p. What is the hundreds digit of j?
2
Suppose 5*y - 6309 = -5*a + 61, -5*a = 5. What is the tens digit of y?
7
Let m = -12463 + 18277. What is the tens digit of m?
1
What is the thousands digit of (14191/69*4)/((-4)/(-33))?
6
Let s = 139312 - 93446. What is the ten thousands digit of s?
4
Let o = 7111 + 16538. What is the tens digit of o?
4
Suppose s = 1742 + 10600. Suppose 2*q = -20*q + s. What is the hundreds digit of q?
5
Let p = 26350 - 8517. What is the thousands digit of p?
7
Let z(o) = -28*o - 83. Let w = -11 + 33. Let c be -6*(w/4 - 4). What is the hundreds digit of z(c)?
1
Let d(n) = -2*n - 15. Let y be d(-2). Let b(o) = 4*o**2 - 8*o - 56. What is the tens digit of b(y)?
1
Let k(o) = 7*o**2 + 21*o - 34. Suppose -193*i = -192*i - 15. What is the hundreds digit of k(i)?
8
Let t(y) = -y**3 - 22*y**2 - 25*y - 23. Let r = -64 + 43. Let m be t(r). Suppose 14 + m = 5*g. What is the tens digit of g?
1
What is the tens digit of 6434 + 1 + (-1443)/(-259) + 3/7?
4
Suppose -6 = -8*g + 5*g. Suppose -g*w = -w + 14. What is the units digit of 4/w - 4960/(-112)?
4
Suppose 6*h = 72294 - 20214. What is the units digit of h?
0
Let v(f) be the third derivative of -1/12*f**4 + 0 + 0*f + 12*f**2 + 10/3*f**3. What is the tens digit of v(-16)?
5
Suppose 0 = -95*f - 337453 + 890163. What is the units digit of f?
8
Let z(a) = 3*a**2 - 28*a - 8. Let v be z(-7). Let f = 178 - v. Let y = f - -321. What is the units digit of y?
4
Let d(f) = 4*f**2 + 16*f - 15. Let b be d(-7). Let v = -64 + b. Suppose 146 = 3*r + 3*c - 319, 2*c - 787 = -v*r. What is the tens digit of r?
5
Suppose -1146*c = -1134*c - 18036. What is the hundreds digit of c?
5
Let y(l) = -5*l**3 + 6*l**2 + 24*l + 5. Let r be y(-9). Suppose -43*g + r = -15*g. What is the hundreds digit of g?
1
Let u = 64818 + -45401. What is the tens digit of u?
1
What is the hundreds digit of (-42234)/(-15) - (-2)/(-4)*(-36)/(-30)?
8
Suppose 0*a + 4*a + 21 = 5*g, 0 = -4*a - g + 9. What is the tens digit of 6*(2635/30 - a)?
2
What is the hundreds digit of (-28575)/(-6) + (14/(-12))/((-36)/(-108))?
7
Let s(m) = 2*m**2 + 13*m - 16. Let n be s(-14). Suppose -b + n = -41. What is the tens digit of b?
3
Suppose x = -5*w - 3*x + 29, 3*w = x + 14. Suppose -4*v - 3*f = -245, -w*v + 8*f - 3*f + 280 = 0. Suppose 0 = 56*b - v*b + 861. What is the units digit of b?
7
Suppose -486523 = 104*y - 310254 - 1742717. What is the ten thousands digit of y?
1
What is the ten thousands digit of 20004/36*-24*3/(-4)?
1
Suppose -c - o = -1, 0 = -c + o - 4*o + 3. Suppose 15 = 54*b + 69. What is the units digit of b*((-180 - c) + -2)?
2
Let g = 57911 + 24466. What is the tens digit of g?
7
Suppose -4 = 3*x + 5, -4*x - 4 = 4*u. Let y(i) = i + 11 + 18*i + 4*i - 4*i. What is the tens digit of y(u)?
4
Let x = 156931 + -92075. What is the tens digit of x?
5
Let p(o) = 15*o**3 + 11*o**2 - 25*o + 62. What is the tens digit of p(7)?
7
Let b = -44 - -47. Suppose -7*r + 3*r + 8 = -h, -3*r + 6 = b*h. Suppose h*y + 38 = y + 2*d, 4*y - 152 = -5*d. What is the tens digit of y?
3
Suppose 256*s - 479*s + 242*s - 283803 = 0. What is the units digit of s?
7
Suppose 0 = -144*f + 29704 + 57704. Let c(s) = -3*s**3 - s. Let n be c(-1). Suppose 0 = -g - 4*o + 233 - n, 3*g - 4*o = f. What is the units digit of g?
9
Suppose 4*h + 20*o - 194360 = 24*o, 0 = -o - 4. What is the units digit of h?
6
Let f(u) = -2*u**2 + 21*u - 7. Let k be f(10). Let i be (-13 + 2)*3/(k - 0). What is the tens digit of (i/55 + 14/20)*458?
2
Let c(a) be the second derivative of -13*a**3/6 + 158*a**2 - a - 3. What is the tens digit of c(-32)?
3
Suppose 1 = -4*f + 9. Suppose -3015 = -f*x - y, -3*x + 3*y = 4*y - 4523. What is the thousands digit of x?
1
Let r(g) = 295*g + 1119. What is the tens digit of r(62)?
0
Let j(x) = x + 1. Let o(d) = -51*d + 50. Let n(p) = -j(p) - o(p). What is the hundreds digit of n(5)?
1
What is the hundreds digit of 5/70 + (8 - 246846/(-28))?
8
Let z = 272 - 82. Suppose -z*g + 181*g = -5067. What is the units digit of g?
3
Suppose 2*l = -3*q + 4 + 242, 3*q - 246 = 2*l. Let s be 6/(-1 + q/80). Suppose 2*z + s = 4*t, 8*z + 170 = 3*t + 4*z. What is the units digit of t?
2
Let p(c) = 226*c - 88. Let i(h) = 225*h - 92. Let j(x) = -3*i(x) + 4*p(x). What is the units digit of j(4)?
0
Let q = 189 + -190. What is the tens digit of (-2259)/(-3) - (-10 + (5 - q))?
5
Let m(c) = -c**2 + 1. Let n(o) = o**3 + 8*o**2 - 5*o + 10. L